ulate the remainder when 5069 is divided by 15.
14
Calculate the remainder when 209376 is divided by 7219.
25
Calculate the remainder when 2151 is divided by 560.
471
Calculate the remainder when 548242 is divided by 150.
142
What is the remainder when 408893 is divided by 3?
2
Calculate the remainder when 10683 is divided by 53.
30
Calculate the remainder when 83606 is divided by 6967.
2
What is the remainder when 185326 is divided by 1144?
1142
What is the remainder when 1284 is divided by 138?
42
What is the remainder when 49571 is divided by 243?
242
Calculate the remainder when 16283078 is divided by 22.
20
What is the remainder when 353706 is divided by 35?
31
What is the remainder when 13913 is divided by 94?
1
Calculate the remainder when 11880 is divided by 11801.
79
Calculate the remainder when 40608 is divided by 325.
308
Calculate the remainder when 5939 is divided by 5915.
24
What is the remainder when 2819 is divided by 561?
14
Calculate the remainder when 5434 is divided by 341.
319
Calculate the remainder when 13538 is divided by 642.
56
Calculate the remainder when 26590 is divided by 154.
102
Calculate the remainder when 6816 is divided by 220.
216
What is the remainder when 1725 is divided by 572?
9
What is the remainder when 104390 is divided by 4?
2
What is the remainder when 21686 is divided by 21424?
262
What is the remainder when 1058 is divided by 321?
95
What is the remainder when 55364 is divided by 6920?
4
Calculate the remainder when 5287 is divided by 136.
119
Calculate the remainder when 72345 is divided by 12.
9
Calculate the remainder when 109115 is divided by 13.
6
What is the remainder when 39573 is divided by 7?
2
Calculate the remainder when 10073 is divided by 1996.
93
What is the remainder when 109884 is divided by 54916?
52
What is the remainder when 42738 is divided by 7119?
24
What is the remainder when 6307 is divided by 59?
53
Calculate the remainder when 13390 is divided by 6219.
952
Calculate the remainder when 13176 is divided by 94.
16
Calculate the remainder when 54588 is divided by 120.
108
What is the remainder when 5259674 is divided by 19?
18
Calculate the remainder when 6380 is divided by 245.
10
What is the remainder when 251224 is divided by 164?
140
Calculate the remainder when 18667 is divided by 16.
11
What is the remainder when 22452 is divided by 264?
12
What is the remainder when 7996 is divided by 615?
1
Calculate the remainder when 31921 is divided by 966.
43
Calculate the remainder when 39531 is divided by 573.
567
Calculate the remainder when 19216 is divided by 4543.
1044
What is the remainder when 292 is divided by 3?
1
What is the remainder when 970 is divided by 315?
25
What is the remainder when 624 is divided by 15?
9
What is the remainder when 6603 is divided by 29?
20
Calculate the remainder when 10732 is divided by 65.
7
Calculate the remainder when 3434901 is divided by 9.
6
Calculate the remainder when 10871 is divided by 1762.
299
Calculate the remainder when 665466 is divided by 7.
4
Calculate the remainder when 43024 is divided by 2688.
16
What is the remainder when 28094 is divided by 1556?
86
Calculate the remainder when 165327 is divided by 4.
3
What is the remainder when 66146 is divided by 225?
221
Calculate the remainder when 187483 is divided by 248.
243
Calculate the remainder when 4094 is divided by 583.
13
What is the remainder when 44260 is divided by 7374?
16
Calculate the remainder when 231 is divided by 173.
58
What is the remainder when 32018 is divided by 32012?
6
What is the remainder when 515 is divided by 130?
125
What is the remainder when 164203 is divided by 41029?
87
Calculate the remainder when 1770151 is divided by 97.
95
What is the remainder when 1616 is divided by 276?
236
What is the remainder when 2883 is divided by 156?
75
What is the remainder when 284611 is divided by 13?
2
Calculate the remainder when 1861 is divided by 85.
76
Calculate the remainder when 9430556 is divided by 131.
128
Calculate the remainder when 32367 is divided by 8.
7
What is the remainder when 3617 is divided by 47?
45
What is the remainder when 10911 is divided by 50?
11
What is the remainder when 204101 is divided by 9?
8
Calculate the remainder when 3145 is divided by 460.
385
Calculate the remainder when 210 is divided by 196.
14
What is the remainder when 19629 is divided by 2804?
1
Calculate the remainder when 2686 is divided by 298.
4
What is the remainder when 1315939 is divided by 190?
189
Calculate the remainder when 209621 is divided by 47.
1
What is the remainder when 7111 is divided by 1177?
49
What is the remainder when 2550 is divided by 627?
42
Calculate the remainder when 33198 is divided by 16592.
14
Calculate the remainder when 43961 is divided by 127.
19
What is the remainder when 28524 is divided by 1097?
2
What is the remainder when 143626 is divided by 11047?
15
Calculate the remainder when 291 is divided by 48.
3
What is the remainder when 2692 is divided by 67?
12
What is the remainder when 27570 is divided by 39?
36
What is the remainder when 41438 is divided by 296?
294
Calculate the remainder when 39254 is divided by 15.
14
What is the remainder when 2732 is divided by 87?
35
Calculate the remainder when 26125 is divided by 6528.
13
Calculate the remainder when 571992 is divided by 42.
36
What is the remainder when 28688 is divided by 117?
23
Calculate the remainder when 430 is divided by 377.
53
What is the remainder when 8634 is divided by 16?
10
What is the remainder when 10946 is divided by 521?
5
Calculate the remainder when 437344 is divided by 319.
314
What is the remainder when 146148 is divided by 74?
72
What is the remainder when 5242 is divided by 464?
138
Calculate the remainder when 4279 is divided by 1285.
424
What is the remainder when 9893 is divided by 4924?
45
Calculate the remainder when 72196 is divided by 38.
34
Calculate the remainder when 4598 is divided by 1057.
370
Calculate the remainder when 1467 is divided by 125.
92
Calculate the remainder when 5708 is divided by 68.
64
What is the remainder when 8080 is divided by 287?
44
Calculate the remainder when 9881 is divided by 155.
116
Calculate the remainder when 503115 is divided by 19.
14
What is the remainder when 698857 is divided by 433?
428
Calculate the remainder when 282 is divided by 90.
12
What is the remainder when 3599 is divided by 29?
3
What is the remainder when 2331 is divided by 639?
414
Calculate the remainder when 113592 is divided by 37816.
144
What is the remainder when 71487 is divided by 51?
36
Calculate the remainder when 115168 is divided by 5.
3
What is the remainder when 259698 is divided by 28?
26
What is the remainder when 70212 is divided by 453?
450
Calculate the remainder when 15938 is divided by 42.
20
Calculate the remainder when 45566 is divided by 651.
647
Calculate the remainder when 82249 is divided by 13.
11
What is the remainder when 1140 is divided by 3?
0
Calculate the remainder when 2344 is divided by 261.
256
Calculate the remainder when 3181 is divided by 86.
85
Calculate the remainder when 1135 is divided by 1032.
103
Calculate the remainder when 437550 is divided by 13.
9
What is the remainder when 59209 is divided by 191?
190
What is the remainder when 96456 is divided by 32148?
12
Calculate the remainder when 1695 is divided by 386.
151
What is the remainder when 11355 is divided by 719?
570
Calculate the remainder when 216216 is divided by 10.
6
Calculate the remainder when 2059 is divided by 1989.
70
Calculate the remainder when 32331 is divided by 808.
11
What is the remainder when 1056 is divided by 354?
348
What is the remainder when 60686 is divided by 2531?
2473
Calculate the remainder when 6017 is divided by 18.
5
What is the remainder when 11006 is divided by 3652?
50
Calculate the remainder when 22256 is divided by 681.
464
Calculate the remainder when 35711 is divided by 96.
95
What is the remainder when 9551 is divided by 36?
11
What is the remainder when 652412 is divided by 25?
12
Calculate the remainder when 1795903 is divided by 159.
157
What is the remainder when 133222 is divided by 7?
5
Calculate the remainder when 10920306 is divided by 141.
138
Calculate the remainder when 44795 is divi